and 120?
10
Calculate the highest common divisor of 42 and 3549.
21
What is the greatest common divisor of 204 and 374?
34
Calculate the highest common divisor of 1640 and 120.
40
What is the greatest common factor of 1136 and 9727?
71
Calculate the highest common divisor of 94 and 158.
2
Calculate the highest common divisor of 604 and 4.
4
What is the highest common divisor of 198 and 6?
6
Calculate the greatest common factor of 90 and 4770.
90
Calculate the greatest common divisor of 28 and 452.
4
Calculate the greatest common divisor of 240 and 150.
30
Calculate the highest common divisor of 105 and 120.
15
What is the highest common factor of 1176 and 7896?
168
What is the greatest common divisor of 228 and 30?
6
What is the highest common factor of 130 and 91?
13
Calculate the highest common factor of 289 and 17.
17
What is the highest common factor of 1056 and 33?
33
What is the highest common factor of 2835 and 126?
63
What is the highest common factor of 162 and 6?
6
Calculate the highest common divisor of 10081 and 34.
17
What is the highest common divisor of 55 and 2?
1
Calculate the highest common divisor of 219 and 3.
3
What is the highest common factor of 18 and 36?
18
Calculate the highest common divisor of 312 and 5980.
52
What is the greatest common divisor of 295 and 177?
59
What is the highest common factor of 84 and 357?
21
What is the greatest common divisor of 418 and 22?
22
Calculate the highest common divisor of 52715 and 65.
65
What is the highest common divisor of 66 and 187?
11
What is the greatest common factor of 265 and 5?
5
What is the greatest common factor of 2552 and 88?
88
Calculate the greatest common factor of 1675 and 50.
25
Calculate the highest common factor of 2296 and 1064.
56
Calculate the greatest common divisor of 1 and 2367.
1
Calculate the greatest common factor of 1241 and 17.
17
Calculate the greatest common divisor of 3020 and 660.
20
Calculate the greatest common divisor of 282 and 22.
2
Calculate the highest common factor of 104 and 1846.
26
What is the highest common divisor of 31586 and 34?
34
What is the highest common divisor of 2 and 118?
2
Calculate the greatest common divisor of 2472 and 48.
24
What is the highest common divisor of 4 and 972?
4
Calculate the highest common factor of 126850 and 25.
25
Calculate the highest common factor of 138 and 1311.
69
Calculate the greatest common divisor of 1387 and 19.
19
Calculate the greatest common divisor of 22 and 1034.
22
What is the greatest common divisor of 1235 and 390?
65
Calculate the greatest common factor of 231 and 21.
21
What is the greatest common factor of 231 and 2739?
33
Calculate the highest common divisor of 441 and 12.
3
What is the greatest common divisor of 25 and 330?
5
What is the highest common factor of 72 and 408?
24
Calculate the greatest common factor of 16 and 17944.
8
Calculate the highest common divisor of 12 and 564.
12
What is the highest common factor of 105 and 165?
15
What is the greatest common divisor of 1 and 7?
1
What is the greatest common divisor of 2834 and 13?
13
Calculate the highest common factor of 15 and 5135.
5
Calculate the highest common factor of 49 and 2891.
49
What is the greatest common factor of 1305 and 2088?
261
Calculate the greatest common factor of 494 and 26.
26
Calculate the greatest common divisor of 440 and 275.
55
What is the greatest common divisor of 90 and 2610?
90
Calculate the greatest common factor of 384 and 120.
24
What is the highest common divisor of 2632 and 72?
8
What is the highest common factor of 12 and 8?
4
What is the greatest common factor of 67 and 67?
67
Calculate the highest common factor of 111 and 259.
37
Calculate the greatest common divisor of 217 and 833.
7
Calculate the highest common divisor of 956 and 14101.
239
What is the highest common divisor of 6223 and 98?
49
What is the highest common factor of 6084 and 36?
36
Calculate the greatest common factor of 45152 and 272.
272
Calculate the greatest common factor of 37 and 30007.
37
Calculate the greatest common divisor of 66 and 4.
2
What is the highest common factor of 14 and 1764?
14
What is the greatest common divisor of 672 and 48?
48
What is the greatest common factor of 1183 and 819?
91
What is the greatest common divisor of 98 and 126?
14
Calculate the greatest common divisor of 96 and 36.
12
What is the highest common factor of 126 and 99?
9
What is the highest common factor of 414 and 759?
69
Calculate the greatest common factor of 33 and 550.
11
Calculate the greatest common factor of 54 and 540.
54
What is the highest common divisor of 12 and 60?
12
Calculate the greatest common factor of 706 and 15179.
353
What is the greatest common factor of 44 and 1078?
22
Calculate the greatest common factor of 14 and 1134.
14
Calculate the greatest common divisor of 1881 and 396.
99
Calculate the highest common factor of 2368 and 960.
64
What is the greatest common factor of 760 and 912?
152
Calculate the greatest common factor of 36 and 444.
12
What is the highest common divisor of 22 and 616?
22
Calculate the highest common divisor of 18 and 17970.
6
Calculate the highest common divisor of 715 and 65.
65
Calculate the highest common factor of 208 and 130.
26
Calculate the highest common divisor of 96 and 608.
32
What is the greatest common factor of 3536 and 3757?
221
Calculate the highest common divisor of 1638 and 351.
117
What is the greatest common factor of 5621 and 154?
77
What is the highest common factor of 105 and 27?
3
Calculate the greatest common factor of 629 and 289.
17
Calculate the greatest common divisor of 11253 and 93.
93
Calculate the greatest common factor of 25 and 1600.
25
What is the highest common factor of 48580 and 140?
140
What is the greatest common factor of 21 and 12?
3
What is the greatest common factor of 87 and 29?
29
Calculate the greatest common factor of 32 and 592.
16
What is the highest common factor of 26675 and 825?
275
Calculate the greatest common divisor of 142 and 4118.
142
Calculate the greatest common divisor of 98 and 4067.
49
What is the greatest common divisor of 892 and 18063?
223
Calculate the greatest common divisor of 72 and 2466.
18
Calculate the highest common factor of 1 and 60.
1
What is the highest common divisor of 32 and 124?
4
What is the highest common factor of 85 and 1005?
5
Calculate the highest common divisor of 1833 and 282.
141
What is the highest common factor of 325 and 13?
13
Calculate the greatest common divisor of 3425 and 274.
137
Calculate the highest common divisor of 22290 and 30.
30
Calculate the greatest common factor of 230 and 30.
10
Calculate the greatest common divisor of 952 and 10234.
238
Calculate the highest common divisor of 1972 and 319.
29
What is the highest common factor of 438 and 3?
3
What is the highest common divisor of 11490 and 120?
30
What is the greatest common divisor of 350 and 280?
70
What is the greatest common factor of 840 and 40?
40
Calculate the greatest common factor of 672 and 420.
84
What is the highest common divisor of 770 and 1848?
154
What is the highest common divisor of 66 and 2673?
33
What is the greatest common factor of 310 and 10?
10
What is the greatest common factor of 740 and 25?
5
What is the greatest common factor of 2048 and 448?
64
Calculate the highest common divisor of 26736 and 48.
48
Calculate the greatest common factor of 117 and 207.
9
What is the greatest common factor of 12896 and 62?
62
Calculate the highest common divisor of 116 and 18908.
116
What is the highest common divisor of 2 and 26?
2
What is the greatest common factor of 36 and 99?
9
What is the highest common factor of 4 and 422?
2
What is the greatest common factor of 46 and 2714?
46
What is the greatest common factor of 171 and 2?
1
Calculate the greatest common divisor of 420 and 430.
10
Calculate the greatest common factor of 1595 and 55.
55
What is the highest common factor of 14126 and 70?
14
Calculate the highest common divisor of 41 and 41.
41
What is the highest common divisor of 324 and 12?
12
What is the highest common divisor of 43 and 731?
43
What is the highest common factor of 148 and 1221?
37
Calculate the highest common divisor of 10184 and 469.
67
What is the greatest common divis